prime factors of 1543896567?
3, 171544063
What are the prime factors of 2358514?
2, 383, 3079
List the prime factors of 82235063.
67, 227, 5407
List the prime factors of 1730918.
2, 7, 123637
What are the prime factors of 66078955?
5, 13215791
List the prime factors of 933329085.
3, 5, 13, 4786303
List the prime factors of 22292499.
3, 587, 12659
List the prime factors of 6764745802.
2, 3382372901
List the prime factors of 60897999.
3, 29, 293, 2389
What are the prime factors of 264441498?
2, 3, 3511, 12553
What are the prime factors of 1532862605?
5, 306572521
List the prime factors of 848556601.
4073, 208337
What are the prime factors of 718271192?
2, 59, 461, 3301
What are the prime factors of 2013341643?
3, 37, 719, 2803
List the prime factors of 649933756.
2, 97, 1675087
List the prime factors of 176302028.
2, 7, 359, 17539
List the prime factors of 227517439.
2969, 76631
What are the prime factors of 46552550?
2, 5, 11, 53, 1597
What are the prime factors of 694933608?
2, 3, 97, 239, 1249
List the prime factors of 3957442492.
2, 277, 3571699
What are the prime factors of 597377?
11, 4937
What are the prime factors of 86261311?
19, 43, 5557
What are the prime factors of 2718542149?
3677, 739337
What are the prime factors of 16781309?
43, 390263
List the prime factors of 59033420.
2, 5, 103, 28657
What are the prime factors of 2312482350?
2, 3, 5, 173, 89113
List the prime factors of 1003921257.
3, 541, 618559
What are the prime factors of 123746274?
2, 3, 563, 12211
List the prime factors of 97715286.
2, 3, 17, 31, 10301
What are the prime factors of 3383808409?
61, 5179, 10711
What are the prime factors of 34942618?
2, 73, 239333
List the prime factors of 870415714.
2, 7, 53, 103, 1627
List the prime factors of 582170777.
173, 353, 9533
List the prime factors of 258672374.
2, 17, 1811, 4201
List the prime factors of 130417214.
2, 65208607
List the prime factors of 35648314.
2, 13, 1371089
List the prime factors of 591013862.
2, 295506931
What are the prime factors of 16766245?
5, 3353249
List the prime factors of 5652901471.
7, 16529, 48857
What are the prime factors of 142351640?
2, 5, 53, 83, 809
List the prime factors of 1677975089.
7, 17, 79, 178489
List the prime factors of 799027976.
2, 19, 31, 151, 1123
List the prime factors of 120267964.
2, 431, 69761
List the prime factors of 731211598.
2, 13, 197, 142759
List the prime factors of 697861530.
2, 3, 5, 7754017
List the prime factors of 3718910.
2, 5, 13, 28607
List the prime factors of 60152785.
5, 7, 11, 156241
What are the prime factors of 22488505?
5, 13, 103, 3359
List the prime factors of 9766530.
2, 3, 5, 108517
List the prime factors of 2787451050.
2, 3, 5, 19, 978053
List the prime factors of 1436025811.
11, 10691, 12211
What are the prime factors of 181147271?
181147271
What are the prime factors of 393536799?
3, 461, 1171
What are the prime factors of 416512009?
4943, 84263
What are the prime factors of 53988403?
7, 953, 8093
List the prime factors of 74330683.
7, 29, 366161
What are the prime factors of 72524470?
2, 5, 7252447
List the prime factors of 2560567861.
13109, 195329
List the prime factors of 114835920.
2, 3, 5, 478483
List the prime factors of 315550770.
2, 3, 5, 17, 43, 14389
What are the prime factors of 45346072?
2, 17, 333427
What are the prime factors of 548881119?
3, 60986791
What are the prime factors of 171636244?
2, 13, 3300697
What are the prime factors of 293243523?
3, 17, 67, 85819
List the prime factors of 1678607853.
3, 13, 83, 641, 809
What are the prime factors of 250368024?
2, 3, 10432001
What are the prime factors of 1635036482?
2, 1399, 584359
List the prime factors of 2316772748.
2, 43, 881, 15289
List the prime factors of 977137861.
7, 29, 687641
What are the prime factors of 207442238?
2, 103721119
List the prime factors of 146117582.
2, 13, 433, 12979
List the prime factors of 107632207.
19, 79, 71707
What are the prime factors of 59385277?
7, 8483611
What are the prime factors of 15748797?
3, 41, 61, 2099
List the prime factors of 1705360494.
2, 3, 103, 2759483
What are the prime factors of 185797436?
2, 11, 53, 7243
What are the prime factors of 235377243?
3, 26153027
What are the prime factors of 18218391?
3, 41, 73, 2029
What are the prime factors of 3102538783?
67, 46306549
What are the prime factors of 3021552418?
2, 83, 18202123
What are the prime factors of 202424077?
37, 2339
What are the prime factors of 1522626413?
7, 11, 3637, 5437
List the prime factors of 32195590.
2, 5, 7, 459937
What are the prime factors of 69052772?
2, 17263193
What are the prime factors of 47298023?
257, 184039
What are the prime factors of 72340416?
2, 3, 125591
List the prime factors of 39296435.
5, 17, 462311
What are the prime factors of 7389433?
7389433
List the prime factors of 1186563140.
2, 5, 7, 8475451
List the prime factors of 40014798.
2, 3, 19, 83, 4229
What are the prime factors of 9076394?
2, 4538197
List the prime factors of 245254751.
7, 5005199
What are the prime factors of 304802529?
3, 199, 439, 1163
What are the prime factors of 45573529?
29, 37, 42473
What are the prime factors of 286870446?
2, 3, 1103, 14449
What are the prime factors of 1250682289?
1250682289
What are the prime factors of 92446809?
3, 7, 13, 29, 11677
List the prime factors of 57849334.
2, 17, 293, 5807
What are the prime factors of 35827128?
2, 3, 89, 5591
What are the prime factors of 545857832?
2, 13, 2389
List the prime factors of 3655544305.
5, 7, 14920589
List the prime factors of 4096556571.
3, 1365518857
What are the prime factors of 614706534?
2, 3, 13, 401, 6551
List the prime factors of 1718661746.
2, 18341, 46853
What are the prime factors of 1856647119?
3, 618882373
List the prime factors of 115898886.
2, 3, 23, 279949
List the prime factors of 44189631.
3, 545551
List the prime factors of 580808002.
2, 31, 73, 128327
What are the prime factors of 979886397?
3, 7, 181, 257797
What are the prime factors of 62465415?
3, 5, 193, 21577
List the prime factors of 1406567552.
2, 13, 59, 14327
What are the prime factors of 16203279?
3, 5401093
What are the prime factors of 116524208?
2, 7282763
What are the prime factors of 5904761438?
2, 113, 1181, 22123
List the prime factors of 800136536.
2, 31, 3226357
What are the prime factors of 688367817?
3, 229, 333997
List the prime factors of 247898076.
2, 3, 37, 601, 929
What are the prime factors of 749385986?
2, 331, 1132003
What are the prime factors of 1677828938?
2, 838914469
What are the prime factors of 3868484182?
2, 73, 26496467
What are the prime factors of 2228921414?
2, 853, 1306519
List the prime factors of 1517312236.
2, 11, 31, 79, 14081
What are the prime factors of 481261763?
31, 1327, 11699
List the prime factors of 68046385.
5, 11, 1237207
List the prime factors of 170789103.
3, 719, 26393
What are the prime factors of 249905327?
7, 23, 1552207
List the prime factors of 550158271.
13, 31, 1093, 1249
List the prime factors of 14194410.
2, 3, 5, 473147
List the prime factors of 129779199.
3, 11, 436967
List the prime factors of 613945393.
661, 928813
What are the prime factors of 311618548?
2, 89, 875333
What are the prime factors of 4844073345?
3, 5, 322938223
List the prime factors of 451306176.
2, 3, 1259, 1867
List the prime factors of 1160918304.
2, 3, 7, 13, 17, 7817
What are the prime factors of 3181652?
2, 17, 71, 659
List the prime factors of 144989313.
3, 7, 47, 71, 2069
What are the prime factors of 227920773?
3, 29, 31, 84509
List the prime factors of 2707938628.
2, 676984657
What are the prime factors of 644523375?
3, 5, 59, 29131
What are the prime factors of 93818542?
2, 19, 2468909
List the prime factors of 943511225.
5, 37740449
What are the prime factors of 37746334?
2, 18873167
What are the prime factors of 85448311?
13, 6572947
What are the prime factors of 1339290354?
2, 3, 19, 29, 137, 2957
What are the prime factors of 55741577?
47, 229, 5179
What are the prime factors of 22550588?
2, 5637647
List the prime factors of 849417367.
849417367
List the prime factors of 1530239197.
23, 67, 577, 1721
What are the prime factors of 90826268?
2, 13, 37, 47207
List the prime factors of 515676569.
5821, 88589
What are the prime factors of 2211781131?
3, 7, 23, 47, 691
What are